 + 75834 = d. What is the units digit of d?
4
Let o = 1437 - 796. Suppose -155 + o = 3*j. What is the units digit of j?
2
Suppose 31*h - 2718328 = 18*h - 111*h. What is the ten thousands digit of h?
2
Let i(s) = s**2 - 2*s + 7. Let a be i(-5). Suppose 46 - a = l. What is the tens digit of 2*((-378)/l)/(-9)?
2
Suppose 5*g = 2*l, -g = 4*g. Suppose 2*q - 3 - 49 = l. Suppose -4*f = -298 + q. What is the units digit of f?
8
Suppose 19*n + 3*t + 65203 = 20*n, -5*t + 130417 = 2*n. What is the tens digit of n?
0
Let q be (8 - 2) + -11 + 9. Suppose -q*w - 60 = -9*w. What is the hundreds digit of ((-669)/4)/((-9)/w)?
2
Let q be 4/(-12) + (3 + -1)/6. Let o = 0 + 8. Suppose 4*k - o = -q. What is the units digit of k?
2
Let m be (-1963)/(-26)*(-4 - -2). Let s = -32 - m. What is the tens digit of s?
1
Let k be (-10)/2 - (0 - 80). Suppose k*f = 60*f + 1215. What is the tens digit of f?
8
Let a(r) = r**3 + 9*r**2 + 6*r - 12. Let g be a(-8). Suppose -2*p = 3*s - 6, 0 = 5*s - 8*p + g*p - 32. What is the units digit of ((-18)/(-4))/(s/40)?
5
What is the thousands digit of 2/4 + 13717/(-88)*-44?
6
Suppose 10*u - 48209 = -3*z + 14*u, -4*u + 4 = 0. What is the thousands digit of z?
6
Let q(s) = s**2 + 3*s - 17. Let c be q(-20). Let b = 141 + c. What is the hundreds digit of b?
4
What is the thousands digit of (6350 + 167)*(-1 + 38/14)?
1
Let j be ((-6)/5)/((-20)/1250). Suppose 3*n = j + 30. Let x = n + 15. What is the units digit of x?
0
Let n(j) = -32*j + 62. Let u(s) = -s**3 - 9*s**2 - 7. Let g be u(-9). What is the tens digit of n(g)?
8
Suppose 120 = 7*j - 3*j - 4*k, -2*j = 5*k - 25. Suppose 0 = -10*h + 5*h + j. Suppose -n = -4, 2*n = -h*r + 6*n + 444. What is the tens digit of r?
9
Let h(n) = 296*n**3 - 2*n**2 + 5*n - 2. Let f be h(1). Let q = f + -58. Suppose 2*k - 23 = q. What is the hundreds digit of k?
1
Suppose -9*p = -6*p - 12. Suppose -2*a + 4 = -p. Suppose 5*y - 5*c = -4*c + 249, 0 = a*y - 2*c - 198. What is the tens digit of y?
5
Let q(t) be the third derivative of 1/60*t**5 + 19*t**2 + 35/6*t**3 + 0 + 0*t - 1/24*t**4. What is the tens digit of q(0)?
3
Let h = 9501 - 516. Suppose 22*p = 7*p + h. What is the units digit of p?
9
Suppose -5*b = 4*i - 2447, -i - 3*i - 2463 = -5*b. Suppose -2681 + b = -2*g. What is the tens digit of (g/(-10))/(3/(-4))?
4
Let s(g) = 9077*g**2 - 874*g - 873. What is the hundreds digit of s(-1)?
0
Suppose 0 = -5*f + 2*s + s - 124, 128 = -5*f + s. What is the tens digit of (5*-36)/((-3)/((-507)/f))?
7
Suppose 4 = t + 2*l, 3*t - 3*l - 2 - 1 = 0. Suppose 46 + 794 = t*w. Suppose -w = -4*h + 4*o, 3*h = -h - 2*o + 390. What is the units digit of h?
0
Suppose 15*o = 5*o + 10760. Suppose -20*b + o = -16*b. What is the units digit of b?
9
Let i be -3 + (-1 - (-3 + -173)). Suppose -3*w - i = 47. Let v = 78 + w. What is the units digit of v?
5
Let i(j) = j**3 + 2*j**2 + j - 5. Let c be i(-4). Let y = c + 45. Suppose -4*p = 0, -y*u + 248 = 5*p - 7*p. What is the units digit of u?
2
Suppose 670*k - 678*k + 66968 = 0. What is the hundreds digit of k?
3
Let i(v) = 320*v + 60. Let q(l) = 80*l + 15. Let u(p) = 6*i(p) - 25*q(p). Let o be u(-6). Let y = -224 + o. What is the units digit of y?
1
Let f(y) be the third derivative of -y**4/24 + 2*y**3 + 6*y**2. Let q be f(-4). Suppose 97 = -15*k + q*k. What is the tens digit of k?
9
Let m(p) = -p**3 - 7*p**2 + 6*p - 8. Let x be m(-8). Suppose 5*q + x = 23. Suppose 0*n - q*n - 3*w + 270 = 0, 4*n - 364 = -5*w. What is the tens digit of n?
8
Let j(f) = -f**2. Let h be j(-3). Let k be (-2 - 24/h)/(2/111). Let a = k + 14. What is the tens digit of a?
5
Let f(l) = 4841*l**2 + 26*l - 47. What is the hundreds digit of f(2)?
3
Let n be (-9)/(-12)*(-40)/(-15). Suppose 3*q - 63 - 122 = -a, n*q - 123 = -a. What is the units digit of q?
2
Suppose -5*r = 10*y - 12*y + 22, 4*r = -2*y - 14. What is the tens digit of 1 + (-6 - r - -5) - -1719?
2
Suppose 20*y = 7146 + 1994. Suppose -4*p + 5*k + y = -4736, 15 = -3*k. What is the thousands digit of p?
1
Let m be ((-1)/(-3))/(6 - 158899/26481). Let p = m - -1140. What is the hundreds digit of p?
4
Let q(u) = 194*u + 24. Let i be q(3). Let s be i/30 + 1/(-5). What is the tens digit of (-4)/s - ((-1252)/10 + 0)?
2
Let s = -20210 + 32152. What is the tens digit of s?
4
Suppose 4*o - 3*v = -2 + 20, -3*o - 5*v + 28 = 0. What is the units digit of 49387/58 - o/4?
0
Suppose 0 = 2*v - 19*v - 1496. Let u = v - -696. What is the units digit of u?
8
Let r(y) = y**2 - 12*y + 5. Let c be r(10). Let o(x) = x**3 + 14*x**2 - 14*x + 18. Let u be o(c). Suppose 5*n - 464 = -u*n. What is the units digit of n?
8
Let j(h) = h**3 - 31*h**2 + 144*h + 207. What is the units digit of j(33)?
7
Let a = 291 - -5191. What is the units digit of a?
2
Suppose -14490 = -8*t + 12222. What is the units digit of t?
9
Let a(u) = 10*u - 32. Suppose -19*b + 138 = -318. What is the hundreds digit of a(b)?
2
Let c = 29406 - 19938. What is the hundreds digit of c?
4
Suppose 1509 + 2614 = 7*b. Suppose -z + 4*m = -1074, -5*m = -2*z - b + 2731. What is the thousands digit of z?
1
Let a(v) be the third derivative of 14*v**2 + 0 - 1/3*v**4 + 7/60*v**5 + 2/3*v**3 - 1/120*v**6 + 0*v. What is the units digit of a(4)?
0
Let w = -17199 + 29111. What is the hundreds digit of w?
9
Suppose -19 = 11*q - 74. Suppose s - 2726 = -q*y - s, -4*s = -3*y + 1646. What is the tens digit of y?
4
Let x(o) = o**3 + 8*o**2 - 109*o + 208. What is the hundreds digit of x(15)?
7
Let j(z) = -4*z**2 - 484 - 15*z + 484. Let d be j(-6). Let h = -12 - d. What is the tens digit of h?
4
Let a = -181 + 182. What is the tens digit of (a + 1)/((-52)/(-5538))?
1
Suppose -43*p = -53*p + 40. Suppose 5*o + 15 = 0, -6*q + 2*q + 72 = p*o. What is the units digit of q?
1
Let q = -423 + 425. Suppose -q*z = 8 - 4, -4*r + 2*z = -1660. What is the units digit of r?
4
Let i be (68 - 95) + (-1 - -14). Let o(m) be the first derivative of m**4/4 + 5*m**3 + 5*m**2 - 15*m + 1. What is the tens digit of o(i)?
4
Suppose -186073 = -77*s + 199466. What is the units digit of s?
7
Let x(z) = 5*z**3 + 13*z**2 - 119*z + 4. What is the thousands digit of x(7)?
1
Let k = -30 + 56. Suppose 3*s + k - 35 = 0. Suppose -3*p - 4*b + 247 = 0, 0*p + 2*b + 223 = s*p. What is the tens digit of p?
7
Let o(u) = 9*u**3 - 6*u**2 + 7*u - 34. Let w be o(5). Suppose -2*t + w + 1682 = 0. What is the thousands digit of t?
1
Suppose -735 = -5*b + 2*m - 7*m, -b = 3*m - 151. Let f = 66 - b. Let g = 99 + f. What is the tens digit of g?
2
Suppose -16*r + 28 = -44*r. What is the units digit of 9 - -1324 - 1 - 5*r?
7
Let t be (-3 - (-10)/4)*(-1 - 5). Suppose k + 0*k + s = 41, 9 = t*s. What is the tens digit of k?
3
Let r = 366 - 353. Suppose 6*a + 3255 = r*a. What is the hundreds digit of a?
4
Let t(m) = 3*m + 1. Let z(j) = -j**2 - j - 1. Let f(y) = -t(y) - 5*z(y). Suppose -3*h = 2 + 1, 2*h - 2 = 2*w. What is the units digit of f(w)?
0
Let k = -11 - -31. Suppose d + k = 5*d. Suppose -5*i = 4*w - 123 - 95, -i = d*w - 283. What is the units digit of w?
7
Suppose i + 12 = -1. Let g = i + 137. What is the tens digit of g?
2
Suppose -7*a = 7*a - 294. Suppose a = 3*u + 2*t, -5*u = -2*t - 3*t - 10. Suppose 0 = x + 4*v - 20, 2*x - 4*v - u = 71. What is the tens digit of x?
3
Let v(f) = -122*f - 8. Let k be v(6). Let c = k + 1105. Suppose 4*s - c = 259. What is the hundreds digit of s?
1
Let v(l) = l**3 + 15*l**2 - 2*l + 12. Let q be v(-14). Let t = q - 85. Let p = 297 - t. What is the hundreds digit of p?
1
What is the units digit of 8 - (-451)/(-55) - (-253044)/20?
2
Suppose 27*i - 53*i + 156 = 0. What is the hundreds digit of 2 + 1402 + (i - (10 + -8))?
4
What is the hundreds digit of 989/(-3)*(-828)/92?
9
Let u(j) = -j**2 + 22*j - 87. Let s be u(5). What is the tens digit of 15/(s + (-856)/(-424))?
9
Suppose -53828 = -5*u - 2*v, 53816 = 5*u + 96*v - 92*v. What is the ten thousands digit of u?
1
Suppose 9*q - 20 = -2*g + 8*q, 5*g - 52 = -3*q. What is the units digit of (-3)/(18/(-3093))*g/4?
1
Let o(t) = 133*t - 42. Suppose -3*g - 5*m = -3*m - 15, g - 5*m = -12. What is the units digit of o(g)?
7
Let o be (-9)/12 + (-1890)/(-56). Suppose -3*t - 3*m + 5007 = 0, 5*t + 35*m = o*m + 8336. What is the hundreds digit of t?
6
Let m be ((-170)/6)/(4/12). Let b = m - -88. Suppose -267 = -0*d - b*d. What is the te